*(-210)/(-35) is divided by 7?
5
Calculate the remainder when (2/12*177)/((-1)/(-2)) is divided by 16.
11
Suppose -5*t = -0*t + 15. Let b(v) = -2*v - 1. What is the remainder when 8 is divided by b(t)?
3
Suppose 9 = 6*c - 3*c. Calculate the remainder when c is divided by 2.
1
Suppose 2*k - 5*r - 41 = 0, 0 = 4*k - 5*r - 2 - 75. Suppose 0 = i + 3*i - 284. What is the remainder when i is divided by k?
17
Let f = 4 + -7. Let g = 7 + f. Calculate the remainder when 7 is divided by g.
3
Suppose 2*d - 5*d = 375. Let a = -77 - d. Calculate the remainder when a is divided by 17.
14
Suppose 53 = -6*f + 227. Calculate the remainder when (2 - -83) + (-1 - 0) is divided by f.
26
Suppose -3*d = -2*d - 15. Let s = 45 - d. Calculate the remainder when s is divided by 8.
6
Suppose 585 = -0*n + 5*n. What is the remainder when n is divided by 40?
37
Let t(p) = p**3 - 6*p**2 + 3*p + 3. Suppose 24 = -0*q + 4*q. What is the remainder when 61 is divided by t(q)?
19
Let z(q) = 2*q - 12. What is the remainder when z(12) is divided by 5?
2
Let q = 7 + 0. Calculate the remainder when (-4)/(-18) - 723/(-27) is divided by q.
6
Suppose 0 = -21*w + 18*w + 6. What is the remainder when 3 is divided by w?
1
Let z = -6 + 30. Suppose -3*g = -4*b + 3, -2*b + z = b + 5*g. Suppose 6*n - b*n - 27 = 0. Calculate the remainder when n is divided by 5.
4
Suppose 0 = -17*m + 138 + 185. Calculate the remainder when 54 is divided by m.
16
Suppose -5*v = -4*f + 111, 57 = -f + 3*f - 3*v. What is the remainder when 92 is divided by f?
20
Suppose -22 = -2*g + i, 33 = 3*g - 0*g - 3*i. Let m = 70 + -67. Calculate the remainder when g is divided by m.
2
Suppose l - 36 = -4*n, 6*n - 3*n + 4*l = 40. Calculate the remainder when 18 is divided by n.
2
Let v(b) = b**3 + 12*b**2 + 8*b - 3. Let z be v(-10). Let r = z - 66. Suppose -2*g - g + r = 0. Calculate the remainder when g is divided by 5.
2
Let p be (18/12)/(3/44). Suppose -4*w - w - x + p = 0, 4*w = 5*x + 35. What is the remainder when w is divided by (2*6/4)/1?
2
Suppose -4*y + 10 = y. Suppose 0 = -y*n + 21 + 47. Let m = -3 - -21. What is the remainder when n is divided by m?
16
Let n(o) = -o**3 - 2*o + 2. Let f be (1 - (-1 - 0)) + -2. Suppose 3 - 5 = v, -3*l - 4*v + 28 = f. What is the remainder when n(-3) is divided by l?
11
Suppose -4*c = -2*s - 106, 0*s = 2*c + 3*s - 57. Calculate the remainder when c is divided by 7.
6
Let n = -11 - -24. Suppose -4*p - 4*x = -n - 35, 21 = 3*p - 2*x. Let q(r) = -25*r + 1. What is the remainder when q(-1) is divided by p?
8
Suppose -65 = v - 84. What is the remainder when 68 is divided by v?
11
Let d be (2/5)/((-1)/(-60)). Let c = -9 + d. Calculate the remainder when c is divided by ((-30)/(-18))/((-5)/(-18)).
3
Suppose -5 = 3*g - 29. Suppose -31*r = -661 + 196. Calculate the remainder when r is divided by g.
7
Let f(t) = t**2 + 6*t - 40. Calculate the remainder when f(7) is divided by 18.
15
What is the remainder when 3/4 - (-819)/28 is divided by 16?
14
Suppose 107 - 7 = 5*t. Calculate the remainder when 37 is divided by t.
17
Suppose -2*o + 5*f = -25, -2*f - 1 = 4*o - 3*o. Calculate the remainder when 17 is divided by o.
2
Suppose -7*f + 61 = -51. Let j(v) = 7*v + 1. Let x(m) = m**2 - 8*m + 4. Let z be x(8). Calculate the remainder when j(z) is divided by f.
13
Suppose 4*v = 3*x - 0 + 4, 5*x - 2 = -2*v. Suppose 2*w - 26 - 12 = x. Calculate the remainder when w is divided by 11.
8
Let s(n) be the second derivative of -n**3 + n. Let a be s(-1). Suppose 0 = -4*o + 10 + a. What is the remainder when o is divided by 2?
0
Let x(u) = 6*u - 8. Let k be x(13). Suppose 0*g = -2*g - 3*a + 28, a = 5*g - k. Calculate the remainder when 54 is divided by g.
12
Let b(i) = i**3 - 5*i**2 + 4*i - 5. Calculate the remainder when b(5) is divided by 9.
6
Let g(s) = s**2 - 2*s + 1. Let k be ((-43)/(-4))/(6/24). Suppose d - k = 4*u, 51 = d - 0*d + 4*u. Calculate the remainder when d is divided by g(-3).
15
Suppose 0 = 4*c - 12 - 12. Suppose 12 + 4 = l. Calculate the remainder when l is divided by c.
4
What is the remainder when 35 is divided by -2 + 5 - (-9 + 6)?
5
Suppose -7*r + 2*r + 8 = -2*f, 6 = 3*f - 3*r. Calculate the remainder when 7 is divided by f.
1
Suppose 0 = -0*q + 2*q + 150. Let l = 143 + q. What is the remainder when l is divided by 23?
22
Let f(d) = d**2 + 4*d - 9. Let n be f(-7). What is the remainder when 27 is divided by (-78)/(-8) - (-3)/n?
7
Suppose 2*n = n + 4. Suppose 2*m - 5*m - 189 = -n*a, -m = -1. Let s = a - 28. Calculate the remainder when s is divided by 7.
6
Suppose -2*k + 56 = -k. What is the remainder when k is divided by 21?
14
Suppose 0 = -r - 2*r + 12. Let v = r + -4. Calculate the remainder when 16 is divided by 4 - ((-2)/1 + v).
4
Suppose -k + r + 8 = -1, -2*r = 8. Suppose -133 + 28 = -k*z. Suppose 30 = 2*d + 8. What is the remainder when z is divided by d?
10
Suppose -4*y = -3*d - 7*y - 3, -6 = d + 2*y. Suppose 0 = -d*m + 8. Calculate the remainder when 3 is divided by m.
1
Suppose 2*o = -10, -2*m - 3*m - 5*o = -340. Let t = 244 - 219. What is the remainder when m is divided by t?
23
Let f(d) = -d. Let v be f(-5). Suppose -2*u - u = -6, 4*k = -v*u + 94. Calculate the remainder when k is divided by 11.
10
Suppose 0 = 3*r - 0*d - 2*d - 19, 18 = 2*r + 4*d. Suppose -116 = 3*c - r*c. Calculate the remainder when c is divided by 10.
9
Let v be (-4)/(-1) + 1 + -2. Suppose 0 = b - v*b - 20. Let l = b + 23. What is the remainder when l is divided by 5?
3
Suppose p + 4*l = -15, 2*p - 24 = 5*l + 11. Suppose 47 = 2*u - p*m, -u + 5*m = -0*u - 11. Suppose h + 2*h = u. Calculate the remainder when 34 is divided by h.
10
Suppose 0 = -26*y + 21*y + 280. What is the remainder when y is divided by 20?
16
Suppose -3*g + 74 = -94. Calculate the remainder when g is divided by 19.
18
Let z be ((-3)/2)/(6/(-64)). Suppose 0 = 4*d - 20, -5*d - 74 = -5*q + z. What is the remainder when 7/(245/(-110))*-14 is divided by q?
21
Let j = 34 + -26. Calculate the remainder when 29 is divided by j.
5
Let u be (-4)/(-6) - (-21)/9. Suppose -b - 2 = -u*b. Suppose 0*f = f - 3*x + 2, 3*x = 2*f + b. What is the remainder when f is divided by 1?
0
Suppose -10 = -2*w, -l - 3*w + 4*w = -60. What is the remainder when l is divided by 23?
19
Let x(q) be the first derivative of q**4/4 + 7*q**3/3 - q**2/2 + 2*q + 4. Calculate the remainder when x(-5) is divided by 15.
12
Suppose -4*y - 3*l + 386 = -5*l, -3*y + 2*l = -289. What is the remainder when y is divided by 17?
12
Let h be ((-5)/(-3))/(8/(-24)). Let w = h + 8. Calculate the remainder when w is divided by 3.
0
Let q(m) = -m - m**2 - 5 + 0 + 0 + 8*m. Suppose p = -5*s + 18, -p + 5*s + 1 - 13 = 0. Calculate the remainder when q(5) is divided by p.
2
Let h be (6 - 9) + 12/2. Suppose 0 = 4*s + 20, -c + h*s = -25 - 13. What is the remainder when 89 is divided by c?
20
Let l = 411 + -159. Let d = -354 + l. What is the remainder when 12 is divided by d/(-14) + (-4)/14?
5
Let o(q) = -4*q - 3. Let v(t) = -11*t - 8. Let a(g) = 8*o(g) - 3*v(g). Let s be (-1 - 1) + (0 - -3). Calculate the remainder when 2 is divided by a(s).
0
Let n(m) = 14*m - 7. Let g be n(6). Suppose 3*z = -2*k + 107 + 36, -g = -k + 4*z. Calculate the remainder when k is divided by 25.
23
Let i(u) = -u + 43. Calculate the remainder when i(9) is divided by 7.
6
Calculate the remainder when (-2)/7 - (-1900)/35 is divided by 28.
26
Let p = -203 - -407. Suppose 2*u + p = 6*u. What is the remainder when u is divided by (-5 + 18)*(-1)/(-1)?
12
Let u be 12/20 - 66/(-15). Suppose 2*r - 5 = -n + 3*r, 3*n - u*r = 11. What is the remainder when 13 is divided by n?
6
Let g(l) = 4*l**2 + 4*l - 3. Let m(x) = x**3 - 3*x**2 - 2*x + 3. What is the remainder when g(2) is divided by m(4)?
10
Let g be 1 - 15/(12/4). Let x(k) = 3*k**2 + 3*k - 5. Calculate the remainder when x(g) is divided by 16.
15
Let f = -2 - -2. Suppose 3*m = -f*m. What is the remainder when 47 is divided by m + -1 + 3 - -14?
15
Let b(h) = h**3 + 6*h**2 + h + 8. Let m be b(-6). Suppose z = -m*z + 15. What is the remainder when z is divided by 2?
1
Let q(d) = 2*d + 4. Calculate the remainder when 31 is divided by q(4).
7
Let v = 73 - 65. Calculate the remainder when 87 is divided by v.
7
Let c = -79 + 93. Calculate the remainder when 152 is divided by c.
12
Suppose 2*f = 